{"id":105,"date":"2018-02-21T11:55:19","date_gmt":"2018-02-21T11:55:19","guid":{"rendered":"http:\/\/sknplomien.pwr.edu.pl\/?page_id=105"},"modified":"2018-02-24T16:38:28","modified_gmt":"2018-02-24T16:38:28","slug":"panel-dyskusyjny-przyszlosc-energetyczna-polski-2016","status":"publish","type":"page","link":"https:\/\/sknplomien.pwr.edu.pl\/index.php\/wydarzenia\/panel-dyskusyjny-przyszlosc-energetyczna-polski\/panel-dyskusyjny-przyszlosc-energetyczna-polski-2016\/","title":{"rendered":"Panel Dyskusyjny 2016"},"content":{"rendered":"<p style=\"text-align: justify;\"><img loading=\"lazy\" decoding=\"async\" class=\" wp-image-173 alignright\" src=\"http:\/\/sknplomien.pwr.edu.pl\/wp-content\/uploads\/Panel\/panel16\/plakat panel 2k16.jpg\" alt=\"\" width=\"352\" height=\"497\" \/><\/p>\n<p style=\"text-align: justify;\">Panel dyskusyjny Przysz\u0142o\u015b\u0107 Energetyczna Polski to ju\u017c dla wielu student\u00f3w\u00a0Politechniki Wroc\u0142awskiej sta\u0142y punkt w kalendarzu.\u00a0Organizowany przez ludzi z pasj\u0105 zainteresowanych rozwojem polskiej energetyki. W 2016r. temat przewodni brzmia\u0142 \u201e Bezpiecze\u0144stwo sieci elektroenergetycznych w\u00a0Polsce. Czy grozi nam blackout?\u201d. Wydarzenie mia\u0142o miejsce 15.03.2016 w budynku C-13. Organizatorami by\u0142y ko\u0142a naukowe \u201eP\u0142omie\u0144\u201d (wydzia\u0142 mechaniczno-energetyczny) oraz \u201eAllin\u201d (wydzia\u0142 chemiczny).\u00a0 Zaproszeni go\u015bcie to reprezentanci r\u00f3\u017cnych dziedzin. Bar\u0142omiej Derski zosta\u0142 ekspertem ds. ekonomii, Jerzy \u0141askawiec ds.technicznych, Kazimierz Herlender reprezentant \u015brodowiska odnawialnych \u017ar\u00f3de\u0142 energii oraz Krzysztof Karolczyk ekspert zajmuj\u0105cy si\u0119 bezpiecze\u0144stwem energetycznym. Przebieg dyskusji koordynowa\u0142 Jacek Lamperski. Na pocz\u0105tku uczestnicy panelu mieli szans\u0119 wys\u0142uchania bardzo ciekawej prezentacji, wprowadzaj\u0105cej w tematyk\u0119 wydarzenie, kt\u00f3r\u0105 wyg\u0142osi\u0142 przedstawiciel URE- S\u0142awomir Siejko. Tematami przewodnimi dyskusji by\u0142y:<\/p>\n<p style=\"text-align: justify;\">\n<p style=\"text-align: justify;\">\n<ul style=\"text-align: justify;\">\n<li>Rynek mocy \u2013 struktura polskiego i europejskiego rynku energii, zapotrzebowanie na moc, krajowe i unijne regulacje prawne, plany i podejmowane dzia\u0142ania;<\/li>\n<li>Problemy techniczne wyst\u0119puj\u0105ce od wytw\u00f3rcy po odbiorc\u0119, stan polskich sieci elektroenergetycznych, perspektywy rozwoju;<\/li>\n<li>Rola prosumenta,<\/li>\n<li>Odnawialne \u0179r\u00f3d\u0142a Energii w systemie \u2013 korzy\u015bci i problemy;<\/li>\n<li>Czy grozi nam blackout? Analiza problemu powsta\u0142ego w lecie 2015r.<\/li>\n<li>Czy polskie sieci s\u0105 bezpieczne?\n<p style=\"text-align: start;\">\n<\/li>\n<\/ul>\n<p style=\"text-align: justify;\">Dyskusja od pocz\u0105tku przybra\u0142a ciekawy wymiar, ka\u017cdy chcia\u0142 wyrazi\u0107 swoje zdanie,czasami odmienne od pozosta\u0142ych. Na pewno dla niekt\u00f3rych ze s\u0142uchaczy\u00a0dosadnymi i\u00a0kontrowersyjne by\u0142y s\u0142owa jednego z panelist\u00f3w \u201eprecz z fotowoltaik\u0105\u201d, kt\u00f3re odnosi\u0142y si\u0119 \u00a0do aspekt\u00f3w zastosowania paneli PV w Polsce do wytwarzania energii elektrycznej. Niestety w Polsce warunki klimatyczne ku temu nie sprzyjaj\u0105. Po rw\u0105cej dyskusji, nadszed\u0142 czas na zabranie g\u0142osu przez przyby\u0142ych na to wydarzenie. Pad\u0142o wiele ciekawych pyta\u0144, niestety nie wszyscy zd\u0105\u017cyli je zada\u0107, gdy\u017c czas dyskusji dobieg\u0142 ko\u0144ca. Jednak na pewno jest to oznak\u0105, jak wiele emocji wzbudza energetyka w Polsce. Sala by\u0142a wype\u0142niona po brzegi, wiele os\u00f3b by\u0142o zmuszonych do siedzenia na schodach, co potwierdza, \u017ce przysz\u0142o\u015b\u0107 energetyczna Polski jest tematem dla wielu z nas bardzo wa\u017cnym i interesuj\u0105cym, a sam panel cieszy si\u0119 dobr\u0105 opini\u0105.<\/p>\n<p style=\"text-align: justify;\">\n<p style=\"text-align: justify;\"><img loading=\"lazy\" decoding=\"async\" class=\"wp-image-172 alignnone\" src=\"http:\/\/sknplomien.pwr.edu.pl\/wp-content\/uploads\/Panel\/panel16\/panel16foto.jpg\" alt=\"\" width=\"982\" height=\"657\" \/><\/p>\n<p style=\"text-align: justify;\">\n","protected":false},"excerpt":{"rendered":"<p>Panel dyskusyjny Przysz\u0142o\u015b\u0107 Energetyczna Polski to ju\u017c dla wielu student\u00f3w\u00a0Politechniki Wroc\u0142awskiej sta\u0142y punkt w kalendarzu.\u00a0Organizowany przez ludzi z pasj\u0105 zainteresowanych rozwojem polskiej energetyki. W 2016r. temat przewodni brzmia\u0142 \u201e Bezpiecze\u0144stwo sieci elektroenergetycznych w\u00a0Polsce. Czy grozi nam blackout?\u201d. Wydarzenie mia\u0142o miejsce &hellip; <a href=\"https:\/\/sknplomien.pwr.edu.pl\/index.php\/wydarzenia\/panel-dyskusyjny-przyszlosc-energetyczna-polski\/panel-dyskusyjny-przyszlosc-energetyczna-polski-2016\/\">Continued<\/a><\/p>\n","protected":false},"author":1,"featured_media":0,"parent":129,"menu_order":0,"comment_status":"closed","ping_status":"closed","template":"","meta":{"footnotes":""},"_links":{"self":[{"href":"https:\/\/sknplomien.pwr.edu.pl\/index.php\/wp-json\/wp\/v2\/pages\/105"}],"collection":[{"href":"https:\/\/sknplomien.pwr.edu.pl\/index.php\/wp-json\/wp\/v2\/pages"}],"about":[{"href":"https:\/\/sknplomien.pwr.edu.pl\/index.php\/wp-json\/wp\/v2\/types\/page"}],"author":[{"embeddable":true,"href":"https:\/\/sknplomien.pwr.edu.pl\/index.php\/wp-json\/wp\/v2\/users\/1"}],"replies":[{"embeddable":true,"href":"https:\/\/sknplomien.pwr.edu.pl\/index.php\/wp-json\/wp\/v2\/comments?post=105"}],"version-history":[{"count":12,"href":"https:\/\/sknplomien.pwr.edu.pl\/index.php\/wp-json\/wp\/v2\/pages\/105\/revisions"}],"predecessor-version":[{"id":118,"href":"https:\/\/sknplomien.pwr.edu.pl\/index.php\/wp-json\/wp\/v2\/pages\/105\/revisions\/118"}],"up":[{"embeddable":true,"href":"https:\/\/sknplomien.pwr.edu.pl\/index.php\/wp-json\/wp\/v2\/pages\/129"}],"wp:attachment":[{"href":"https:\/\/sknplomien.pwr.edu.pl\/index.php\/wp-json\/wp\/v2\/media?parent=105"}],"curies":[{"name":"wp","href":"https:\/\/api.w.org\/{rel}","templated":true}]}}