{"id":129,"date":"2018-02-23T23:00:20","date_gmt":"2018-02-23T23:00:20","guid":{"rendered":"http:\/\/sknplomien.pwr.edu.pl\/?page_id=129"},"modified":"2018-02-27T21:42:04","modified_gmt":"2018-02-27T21:42:04","slug":"panel-dyskusyjny-przyszlosc-energetyczna-polski","status":"publish","type":"page","link":"https:\/\/sknplomien.pwr.edu.pl\/index.php\/wydarzenia\/panel-dyskusyjny-przyszlosc-energetyczna-polski\/","title":{"rendered":"Panel Dyskusyjny &#8220;Przysz\u0142o\u015b\u0107 Energetyczna Polski&#8221;"},"content":{"rendered":"<p style=\"text-align: justify;\">Panel Dyskusyjny &#8220;Przysz\u0142o\u015b\u0107 Energetyczna Polski&#8221; organizowany jest przez Studenckie Ko\u0142o Naukowe P\u0142omie\u0144 co roku. Jego celem jest poszerzanie wiedzy z zakresu szeroko rozumianej energetyki. Podczas kolejnych edycji tego wydarzenia, ka\u017cdorazowo pochylali\u015bmy si\u0119 nad aktualnymi problemami krajowego sektora energetycznego. Panel Dyskusyjny zosta\u0142 zorganizowany z du\u017cym powodzeniem ju\u017c sze\u015bciokrotnie. Tematy poprzednich paneli to mi\u0119dzy innymi:<\/p>\n<p style=\"text-align: justify;\">\u00a0&#x25aa; ,,Klastry Energetyczne \u2013 przysz\u0142o\u015b\u0107 mikroinstalacji w Polsce\u201d<\/p>\n<p style=\"text-align: justify;\">&#x25aa; \u201eCzy grozi nam blackout \u2013 bezpiecze\u0144stwo sieci elektroenergetycznych w Polsce\u201d<\/p>\n<p style=\"text-align: justify;\">&#x25aa; \u201eEnergetyka prosumencka\u201d<\/p>\n<p style=\"text-align: justify;\">&#x25aa; \u201eDyrektywa unijna 3&#215;20\u201d<\/p>\n<p style=\"text-align: justify;\">Ka\u017cdego roku w gronie panelist\u00f3w znajduj\u0105 si\u0119 najlepsi fachowcy z bran\u017cy, go\u015bcili\u015bmy ju\u017c m.in: prof. Jana Popczyka, prof. Jacka Machnikowskiego, dr. Jerzego \u0141askawca, prof. Miros\u0142awa Dud\u0119, Krzysztofa Karolczyka, Bart\u0142omieja Derskiego. Wydarzeniu patronuj\u0105 m.in: Politechnika Wroc\u0142awska, Ministerstwo Energii, ARE, URE, CIRE, DlaStudenta.pl. Wydarzenie przyci\u0105ga szerok\u0105 publiczno\u015b\u0107 zar\u00f3wno spo\u015br\u00f3d braci studenckiej, jak i pracownik\u00f3w naukowych Politechniki Wroc\u0142awskiej. Panel Energetyczny gromadzi wielu wa\u017cnych go\u015bci ze \u015brodowiska naukowego oraz biznesowego. Spotkanie to jest o tyle wyj\u0105tkowe, \u017ce daje mo\u017cliwo\u015b\u0107 zebranym na sali s\u0142uchaczom na czynny udzia\u0142 w dyskusji \u2013 poprzez zadawane pytania i mo\u017cliwo\u015b\u0107 przedstawienia swojej opinii na dany temat. Jest to bardzo efektywna forma uzupe\u0142niania energetycznej wiedzy.<\/p>\n<p>Szczeg\u00f3\u0142owo o poprzednich edycjach mo\u017cesz przeczyta\u0107 na zak\u0142adkach:<\/p>\n<p><a href=\"http:\/\/sknplomien.pwr.edu.pl\/index.php\/wydarzenia\/panel-dyskusyjny-przyszlosc-energetyczna-polski\/panel-dyskusyjny-2017\/\">Panel Dyskusyjny 2017\u00a0,,Klastry Energetyczne \u2013 przysz\u0142o\u015b\u0107 mikroinstalacji w Polsce\u201d<\/a><\/p>\n<p><a href=\"http:\/\/sknplomien.pwr.edu.pl\/index.php\/wydarzenia\/panel-dyskusyjny-przyszlosc-energetyczna-polski\/panel-dyskusyjny-przyszlosc-energetyczna-polski-2016\/\">Panel Dyskusyjny 2016\u00a0\u201eCzy grozi nam blackout \u2013 bezpiecze\u0144stwo sieci elektroenergetycznych w Polsce\u201d<\/a><\/p>\n<div id=\"kad-wp-gallery50\" class=\"kad-wp-gallery kad-light-wp-gallery clearfix kt-gallery-column-1 rowtight\"><div class=\"tcol-lg-12 tcol-md-12 tcol-sm-12 tcol-xs-12 tcol-ss-12 g_item\"><div class=\"grid_item kad_gallery_fade_in gallery_item\"><a href=\"https:\/\/sknplomien.pwr.edu.pl\/wp-content\/uploads\/Panel\/panelo3.JPG\" data-rel=\"lightbox\" class=\"lightboxhover\"><img loading=\"lazy\" decoding=\"async\" src=\"https:\/\/sknplomien.pwr.edu.pl\/wp-content\/uploads\/Panel\/panelo3-1200x1200.jpg\" width=\"1200\" height=\"1200\" alt=\"\"  class=\"light-dropshaddow\"\/><\/a><\/div><\/div><div class=\"tcol-lg-12 tcol-md-12 tcol-sm-12 tcol-xs-12 tcol-ss-12 g_item\"><div class=\"grid_item kad_gallery_fade_in gallery_item\"><a href=\"https:\/\/sknplomien.pwr.edu.pl\/wp-content\/uploads\/Panel\/panelo2.JPG\" data-rel=\"lightbox\" class=\"lightboxhover\"><img loading=\"lazy\" decoding=\"async\" src=\"https:\/\/sknplomien.pwr.edu.pl\/wp-content\/uploads\/Panel\/panelo2-1200x1200.jpg\" width=\"1200\" height=\"1200\" alt=\"\"  class=\"light-dropshaddow\"\/><\/a><\/div><\/div><div class=\"tcol-lg-12 tcol-md-12 tcol-sm-12 tcol-xs-12 tcol-ss-12 g_item\"><div class=\"grid_item kad_gallery_fade_in gallery_item\"><a href=\"https:\/\/sknplomien.pwr.edu.pl\/wp-content\/uploads\/Panel\/panelo1.JPG\" data-rel=\"lightbox\" class=\"lightboxhover\"><img loading=\"lazy\" decoding=\"async\" src=\"https:\/\/sknplomien.pwr.edu.pl\/wp-content\/uploads\/Panel\/panelo1-1200x1200.jpg\" width=\"1200\" height=\"1200\" alt=\"\"  class=\"light-dropshaddow\"\/><\/a><\/div><\/div><div class=\"tcol-lg-12 tcol-md-12 tcol-sm-12 tcol-xs-12 tcol-ss-12 g_item\"><div class=\"grid_item kad_gallery_fade_in gallery_item\"><a href=\"https:\/\/sknplomien.pwr.edu.pl\/wp-content\/uploads\/Panel\/panelo.JPG\" data-rel=\"lightbox\" class=\"lightboxhover\"><img loading=\"lazy\" decoding=\"async\" src=\"https:\/\/sknplomien.pwr.edu.pl\/wp-content\/uploads\/Panel\/panelo-1200x1200.jpg\" width=\"1200\" height=\"1200\" alt=\"\"  class=\"light-dropshaddow\"\/><\/a><\/div><\/div><\/div>\n","protected":false},"excerpt":{"rendered":"<p>Panel Dyskusyjny &#8220;Przysz\u0142o\u015b\u0107 Energetyczna Polski&#8221; organizowany jest przez Studenckie Ko\u0142o Naukowe P\u0142omie\u0144 co roku. Jego celem jest poszerzanie wiedzy z zakresu szeroko rozumianej energetyki. Podczas kolejnych edycji tego wydarzenia, ka\u017cdorazowo pochylali\u015bmy si\u0119 nad aktualnymi problemami krajowego sektora energetycznego. Panel Dyskusyjny &hellip; <a href=\"https:\/\/sknplomien.pwr.edu.pl\/index.php\/wydarzenia\/panel-dyskusyjny-przyszlosc-energetyczna-polski\/\">Continued<\/a><\/p>\n","protected":false},"author":1,"featured_media":0,"parent":95,"menu_order":0,"comment_status":"closed","ping_status":"closed","template":"","meta":{"footnotes":""},"_links":{"self":[{"href":"https:\/\/sknplomien.pwr.edu.pl\/index.php\/wp-json\/wp\/v2\/pages\/129"}],"collection":[{"href":"https:\/\/sknplomien.pwr.edu.pl\/index.php\/wp-json\/wp\/v2\/pages"}],"about":[{"href":"https:\/\/sknplomien.pwr.edu.pl\/index.php\/wp-json\/wp\/v2\/types\/page"}],"author":[{"embeddable":true,"href":"https:\/\/sknplomien.pwr.edu.pl\/index.php\/wp-json\/wp\/v2\/users\/1"}],"replies":[{"embeddable":true,"href":"https:\/\/sknplomien.pwr.edu.pl\/index.php\/wp-json\/wp\/v2\/comments?post=129"}],"version-history":[{"count":3,"href":"https:\/\/sknplomien.pwr.edu.pl\/index.php\/wp-json\/wp\/v2\/pages\/129\/revisions"}],"predecessor-version":[{"id":280,"href":"https:\/\/sknplomien.pwr.edu.pl\/index.php\/wp-json\/wp\/v2\/pages\/129\/revisions\/280"}],"up":[{"embeddable":true,"href":"https:\/\/sknplomien.pwr.edu.pl\/index.php\/wp-json\/wp\/v2\/pages\/95"}],"wp:attachment":[{"href":"https:\/\/sknplomien.pwr.edu.pl\/index.php\/wp-json\/wp\/v2\/media?parent=129"}],"curies":[{"name":"wp","href":"https:\/\/api.w.org\/{rel}","templated":true}]}}