{"id":139,"date":"2018-02-23T23:09:05","date_gmt":"2018-02-23T23:09:05","guid":{"rendered":"http:\/\/sknplomien.pwr.edu.pl\/?page_id=139"},"modified":"2018-03-05T19:33:09","modified_gmt":"2018-03-05T19:33:09","slug":"dolnoslaski-festiwal-nauki","status":"publish","type":"page","link":"https:\/\/sknplomien.pwr.edu.pl\/index.php\/wydarzenia\/dolnoslaski-festiwal-nauki\/","title":{"rendered":"Dolno\u015bl\u0105ski Festiwal Nauki"},"content":{"rendered":"<p style=\"text-align: justify; background: white; vertical-align: top; margin: 0cm 0cm 13.5pt 0cm;\"><span style=\"font-size: 10.5pt; color: #1d2129; font-family: Helvetica, sans-serif;\"><img loading=\"lazy\" decoding=\"async\" class=\" wp-image-232 alignright\" src=\"http:\/\/sknplomien.pwr.edu.pl\/wp-content\/uploads\/DFN\/DFN2.jpg\" alt=\"\" width=\"194\" height=\"346\" \/>Dolno\u015bl\u0105ski Festiwal Nauki jest to impreza popularnonaukowa organizowana co roku we wrze\u015bniu przez m.in. wy\u017csze uczelnie Wroc\u0142awia, w tym Politechnik\u0119 Wroc\u0142awsk\u0105. Adresowany jest do wszystkich zainteresowanych nauk\u0105, kultur\u0105 czy sztuk\u0105 oraz zjawiskami zachodz\u0105cymi na oko\u0142o nas. R\u00f3wnie\u017c nasze ko\u0142o cz\u0119sto przyczynia si\u0119 do upowszechniania wiedzy. W trakcie tej\u017ce imprezy w budynku C-13 pokazali\u015bmy do tej pory: makiet\u0119 paliwow\u0105, rower \u0142aduj\u0105cy, pomp\u0119 perystaltyczn\u0105 i przeprowadzili\u015bmy nie jeden konkurs wiedzy o energetyce. Nasze stanowisko stwarza mo\u017cliwo\u015b\u0107 zobaczenia zar\u00f3wno skomplikowanych urz\u0105dze\u0144 energetycznych, jak i najprostszych do\u015bwiadcze\u0144 obrazuj\u0105cych procesy energetyczne. Dok\u0142adamy wszelkich stara\u0144, aby zaciekawi\u0107 i zainspirowa\u0107 odwiedzaj\u0105cych nas uczni\u00f3w. Bo od ko\u0142a nie ma wakacji!<\/span><span style=\"font-size: 10.5pt; color: #1d2129; font-family: Helvetica, sans-serif;\"><br \/>\n<\/span><\/p>\n<p>The Lower Silesian Science Festival is a popular science event organized every year in September by higher education facilities of Wroc\u0142aw, including Wroc\u0142aw University of Technology. It is addressed to everyone interested in science, culture, art and various processes taking place around us. Our Research Group also contributes to the promotion of knowledge during this event. In recent years we showed in C13 building a fuel mock-up, a charging bicycle, a peristaltic pump and conducted more than one energy knowledge competition. Our standpoint provided an opportunity to see both &#8211; complex power equipment and the simplest experiments to illustrate energy processes. Every year we make all efforts to interest and inspire our students. Because there is no escape from the Research Group!<\/p>\n<div id=\"kad-wp-gallery68\" class=\"kad-wp-gallery kad-light-wp-gallery clearfix kt-gallery-column-5 rowtight\"><div class=\"tcol-lg-25 tcol-md-25 tcol-sm-3 tcol-xs-4 tcol-ss-6 g_item\"><div class=\"grid_item kad_gallery_fade_in gallery_item\"><a href=\"https:\/\/sknplomien.pwr.edu.pl\/wp-content\/uploads\/DFN\/DFN4jpg.jpg\" data-rel=\"lightbox\" class=\"lightboxhover\"><img loading=\"lazy\" decoding=\"async\" src=\"https:\/\/sknplomien.pwr.edu.pl\/wp-content\/uploads\/DFN\/DFN4jpg-300x300.jpg\" width=\"300\" height=\"300\" alt=\"\" srcset=\"https:\/\/sknplomien.pwr.edu.pl\/wp-content\/uploads\/DFN\/DFN4jpg-300x300.jpg 300w, https:\/\/sknplomien.pwr.edu.pl\/wp-content\/uploads\/DFN\/DFN4jpg-600x600.jpg 600w\" sizes=\"(max-width: 300px) 100vw, 300px\" class=\"light-dropshaddow\"\/><\/a><\/div><\/div><div class=\"tcol-lg-25 tcol-md-25 tcol-sm-3 tcol-xs-4 tcol-ss-6 g_item\"><div class=\"grid_item kad_gallery_fade_in gallery_item\"><a href=\"https:\/\/sknplomien.pwr.edu.pl\/wp-content\/uploads\/DFN\/DFN.jpg\" data-rel=\"lightbox\" class=\"lightboxhover\"><img loading=\"lazy\" decoding=\"async\" src=\"https:\/\/sknplomien.pwr.edu.pl\/wp-content\/uploads\/DFN\/DFN-300x300.jpg\" width=\"300\" height=\"300\" alt=\"\" srcset=\"https:\/\/sknplomien.pwr.edu.pl\/wp-content\/uploads\/DFN\/DFN-300x300.jpg 300w, https:\/\/sknplomien.pwr.edu.pl\/wp-content\/uploads\/DFN\/DFN-600x600.jpg 600w\" sizes=\"(max-width: 300px) 100vw, 300px\" class=\"light-dropshaddow\"\/><\/a><\/div><\/div><div class=\"tcol-lg-25 tcol-md-25 tcol-sm-3 tcol-xs-4 tcol-ss-6 g_item\"><div class=\"grid_item kad_gallery_fade_in gallery_item\"><a href=\"https:\/\/sknplomien.pwr.edu.pl\/wp-content\/uploads\/DFN\/DFN3.jpg\" data-rel=\"lightbox\" class=\"lightboxhover\"><img loading=\"lazy\" decoding=\"async\" src=\"https:\/\/sknplomien.pwr.edu.pl\/wp-content\/uploads\/DFN\/DFN3.jpg\" width=\"261\" height=\"147\" alt=\"\"  class=\"light-dropshaddow\"\/><\/a><\/div><\/div><div class=\"tcol-lg-25 tcol-md-25 tcol-sm-3 tcol-xs-4 tcol-ss-6 g_item\"><div class=\"grid_item kad_gallery_fade_in gallery_item\"><a href=\"https:\/\/sknplomien.pwr.edu.pl\/wp-content\/uploads\/DFN\/DFN1.jpg\" data-rel=\"lightbox\" class=\"lightboxhover\"><img loading=\"lazy\" decoding=\"async\" src=\"https:\/\/sknplomien.pwr.edu.pl\/wp-content\/uploads\/DFN\/DFN1.jpg\" width=\"261\" height=\"147\" alt=\"\"  class=\"light-dropshaddow\"\/><\/a><\/div><\/div><\/div>\n<p>&nbsp;<\/p>\n","protected":false},"excerpt":{"rendered":"<p>Dolno\u015bl\u0105ski Festiwal Nauki jest to impreza popularnonaukowa organizowana co roku we wrze\u015bniu przez m.in. wy\u017csze uczelnie Wroc\u0142awia, w tym Politechnik\u0119 Wroc\u0142awsk\u0105. Adresowany jest do wszystkich zainteresowanych nauk\u0105, kultur\u0105 czy sztuk\u0105 oraz zjawiskami zachodz\u0105cymi na oko\u0142o nas. R\u00f3wnie\u017c nasze ko\u0142o cz\u0119sto &hellip; <a href=\"https:\/\/sknplomien.pwr.edu.pl\/index.php\/wydarzenia\/dolnoslaski-festiwal-nauki\/\">Continued<\/a><\/p>\n","protected":false},"author":1,"featured_media":0,"parent":95,"menu_order":0,"comment_status":"closed","ping_status":"closed","template":"","meta":{"footnotes":""},"_links":{"self":[{"href":"https:\/\/sknplomien.pwr.edu.pl\/index.php\/wp-json\/wp\/v2\/pages\/139"}],"collection":[{"href":"https:\/\/sknplomien.pwr.edu.pl\/index.php\/wp-json\/wp\/v2\/pages"}],"about":[{"href":"https:\/\/sknplomien.pwr.edu.pl\/index.php\/wp-json\/wp\/v2\/types\/page"}],"author":[{"embeddable":true,"href":"https:\/\/sknplomien.pwr.edu.pl\/index.php\/wp-json\/wp\/v2\/users\/1"}],"replies":[{"embeddable":true,"href":"https:\/\/sknplomien.pwr.edu.pl\/index.php\/wp-json\/wp\/v2\/comments?post=139"}],"version-history":[{"count":8,"href":"https:\/\/sknplomien.pwr.edu.pl\/index.php\/wp-json\/wp\/v2\/pages\/139\/revisions"}],"predecessor-version":[{"id":371,"href":"https:\/\/sknplomien.pwr.edu.pl\/index.php\/wp-json\/wp\/v2\/pages\/139\/revisions\/371"}],"up":[{"embeddable":true,"href":"https:\/\/sknplomien.pwr.edu.pl\/index.php\/wp-json\/wp\/v2\/pages\/95"}],"wp:attachment":[{"href":"https:\/\/sknplomien.pwr.edu.pl\/index.php\/wp-json\/wp\/v2\/media?parent=139"}],"curies":[{"name":"wp","href":"https:\/\/api.w.org\/{rel}","templated":true}]}}