{"id":215,"date":"2018-02-27T19:48:26","date_gmt":"2018-02-27T19:48:26","guid":{"rendered":"http:\/\/sknplomien.pwr.edu.pl\/?page_id=215"},"modified":"2018-02-27T22:43:11","modified_gmt":"2018-02-27T22:43:11","slug":"wieden","status":"publish","type":"page","link":"https:\/\/sknplomien.pwr.edu.pl\/index.php\/wyjazdy\/wieden\/","title":{"rendered":"Wiede\u0144"},"content":{"rendered":"<div id=\"pl-215\" class=\"panel-layout\">\n<div id=\"pg-215-0\" class=\"panel-grid panel-no-style\">\n<div id=\"pgc-215-0-0\" class=\"panel-grid-cell\" data-weight=\"1\">\n<div id=\"panel-215-0-0-0\" class=\"so-panel widget widget_text panel-first-child\" data-index=\"0\" data-style=\"{&quot;background_image_attachment&quot;:false,&quot;background_display&quot;:&quot;tile&quot;}\">\n<div class=\"textwidget\">\n<p style=\"text-align: justify;\">W dniach 18-20.12.2015.r odby\u0142a si\u0119 d\u0142ugo wyczekiwana wycieczka do stolicy Austrii. Celem naszej podr\u00f3\u017cy by\u0142o zwiedzenie elektrowni wodnej umieszczonej nad Dunajem oraz jednej z trzech spalarni odpad\u00f3w miasta. Na wst\u0119pie warto wspomnie\u0107, \u017ce ww. spalarnia likwiduje rocznie ok. 250 000 ton \u015bmieci, kt\u00f3re zapewniaj\u0105 moc ciepln\u0105 dla 50 000 gospodarstw domowych oraz produkuje ok. 14 MW mocy elektrycznej. Uczestnicy wycieczki mieli okazj\u0119 zapozna\u0107 si\u0119 z ca\u0142\u0105 \u015bcie\u017ck\u0105 pracy spalarni od momentu wy\u0142adowania \u201eodpad\u00f3w-paliwa\u201d przez transport \u015bmieci do komory paleniskowej, a\u017c do wytworzenia si\u0119 niepalnych materia\u0142\u00f3w takich jak \u017cu\u017cel, popi\u00f3\u0142 i niespalony z\u0142om. Pozytywnym zaskoczeniem podczas zwiedzania by\u0142 fakt braku niemi\u0142ego zapachu, kt\u00f3ry powinien znajdowa\u0107 si\u0119 w otoczeniu naszego zak\u0142adu przemys\u0142owego. Zosta\u0142o to zainicjowane utworzeniem podci\u015bnienia w komorze, w kt\u00f3rej by\u0142y magazynowane odpady.<br \/>\nElektrownia wodna r\u00f3wnie\u017c wywar\u0142a na nas dobre wra\u017cenie. Podczas zwiedzania zapoznali\u015bmy si\u0119 z zasad\u0105 dzia\u0142ania ca\u0142ego zespo\u0142u elektrowni, a nast\u0119pnie wiedza teoretyczna zosta\u0142a zobrazowana poprzez zwiedzenie ca\u0142ego kompleksu. Mieli\u015bmy okazj\u0119 znale\u017a\u0107 si\u0119 tu\u017c pod turbin\u0105 wodn\u0105, kt\u00f3ra jest sercem ca\u0142ego uk\u0142adu.<br \/>\nSporym zaskoczeniem by\u0142a dla nad odpowied\u017a na jedno z pyta\u0144: \u201eIle os\u00f3b jest zatrudnionych w tym obiekcie?\u201d. Okaza\u0142o si\u0119, \u017ce nikt nie pracuje w tym oddziale, gdy\u017c zwiedzana przez nas elektrownia wodna nale\u017cy do zespo\u0142u jedenastu elektrowni wodnych umieszczonych nad Dunajem na odcinku przep\u0142ywaj\u0105cym przez Austri\u0119 w celu wykorzystania w pe\u0142ni mocy wodnej rzeki. Ca\u0142ym zespo\u0142em wszystkich elektrowni steruje automatycznie tylko jedna osoba.<br \/>\nOczywi\u015bcie po wycieczce by\u0142 r\u00f3wnie\u017c czas na zwiedzanie miasta, kt\u00f3re okaza\u0142o si\u0119 niezwykle pi\u0119kne oraz wsp\u00f3ln\u0105 integracj\u0119. Wszyscy wycieczkowicze s\u0105 zadowoleni z czasu, kt\u00f3ry mogli razem sp\u0119dzi\u0107 w tak ciekawych miejscach.<\/p>\n<\/div>\n<\/div>\n<div id=\"panel-215-0-0-1\" class=\"so-panel widget panel-last-child\" style=\"text-align: justify;\" data-index=\"1\" data-style=\"{&quot;background_image_attachment&quot;:false,&quot;background_display&quot;:&quot;tile&quot;}\">\n<div id=\"kad-wp-gallery86\" class=\"kad-wp-gallery kad-light-wp-gallery clearfix kt-gallery-column-4 rowtight\"><div class=\"tcol-lg-3 tcol-md-3 tcol-sm-4 tcol-xs-6 tcol-ss-12 g_item\"><div class=\"grid_item kad_gallery_fade_in gallery_item\"><a href=\"https:\/\/sknplomien.pwr.edu.pl\/wp-content\/uploads\/wyjazdy\/wieden4.JPG\" data-rel=\"lightbox\" class=\"lightboxhover\"><img loading=\"lazy\" decoding=\"async\" src=\"https:\/\/sknplomien.pwr.edu.pl\/wp-content\/uploads\/wyjazdy\/wieden4-300x300.jpg\" width=\"300\" height=\"300\" alt=\"\" srcset=\"https:\/\/sknplomien.pwr.edu.pl\/wp-content\/uploads\/wyjazdy\/wieden4-300x300.jpg 300w, https:\/\/sknplomien.pwr.edu.pl\/wp-content\/uploads\/wyjazdy\/wieden4-600x600.jpg 600w\" sizes=\"(max-width: 300px) 100vw, 300px\" class=\"light-dropshaddow\"\/><\/a><\/div><\/div><div class=\"tcol-lg-3 tcol-md-3 tcol-sm-4 tcol-xs-6 tcol-ss-12 g_item\"><div class=\"grid_item kad_gallery_fade_in gallery_item\"><a href=\"https:\/\/sknplomien.pwr.edu.pl\/wp-content\/uploads\/wyjazdy\/wieden3.JPG\" data-rel=\"lightbox\" class=\"lightboxhover\"><img loading=\"lazy\" decoding=\"async\" src=\"https:\/\/sknplomien.pwr.edu.pl\/wp-content\/uploads\/wyjazdy\/wieden3-300x300.jpg\" width=\"300\" height=\"300\" alt=\"\" srcset=\"https:\/\/sknplomien.pwr.edu.pl\/wp-content\/uploads\/wyjazdy\/wieden3-300x300.jpg 300w, https:\/\/sknplomien.pwr.edu.pl\/wp-content\/uploads\/wyjazdy\/wieden3-600x600.jpg 600w\" sizes=\"(max-width: 300px) 100vw, 300px\" class=\"light-dropshaddow\"\/><\/a><\/div><\/div><div class=\"tcol-lg-3 tcol-md-3 tcol-sm-4 tcol-xs-6 tcol-ss-12 g_item\"><div class=\"grid_item kad_gallery_fade_in gallery_item\"><a href=\"https:\/\/sknplomien.pwr.edu.pl\/wp-content\/uploads\/wyjazdy\/wieden2.JPG\" data-rel=\"lightbox\" class=\"lightboxhover\"><img loading=\"lazy\" decoding=\"async\" src=\"https:\/\/sknplomien.pwr.edu.pl\/wp-content\/uploads\/wyjazdy\/wieden2-300x300.jpg\" width=\"300\" height=\"300\" alt=\"\" srcset=\"https:\/\/sknplomien.pwr.edu.pl\/wp-content\/uploads\/wyjazdy\/wieden2-300x300.jpg 300w, https:\/\/sknplomien.pwr.edu.pl\/wp-content\/uploads\/wyjazdy\/wieden2-600x600.jpg 600w\" sizes=\"(max-width: 300px) 100vw, 300px\" class=\"light-dropshaddow\"\/><\/a><\/div><\/div><div class=\"tcol-lg-3 tcol-md-3 tcol-sm-4 tcol-xs-6 tcol-ss-12 g_item\"><div class=\"grid_item kad_gallery_fade_in gallery_item\"><a href=\"https:\/\/sknplomien.pwr.edu.pl\/wp-content\/uploads\/wyjazdy\/wieden1.JPG\" data-rel=\"lightbox\" class=\"lightboxhover\"><img loading=\"lazy\" decoding=\"async\" src=\"https:\/\/sknplomien.pwr.edu.pl\/wp-content\/uploads\/wyjazdy\/wieden1-300x300.jpg\" width=\"300\" height=\"300\" alt=\"\" srcset=\"https:\/\/sknplomien.pwr.edu.pl\/wp-content\/uploads\/wyjazdy\/wieden1-300x300.jpg 300w, https:\/\/sknplomien.pwr.edu.pl\/wp-content\/uploads\/wyjazdy\/wieden1-600x600.jpg 600w\" sizes=\"(max-width: 300px) 100vw, 300px\" class=\"light-dropshaddow\"\/><\/a><\/div><\/div><\/div>\n<\/div>\n<\/div>\n<\/div>\n<\/div>\n","protected":false},"excerpt":{"rendered":"<p>W dniach 18-20.12.2015.r odby\u0142a si\u0119 d\u0142ugo wyczekiwana wycieczka do stolicy Austrii. Celem naszej podr\u00f3\u017cy by\u0142o zwiedzenie elektrowni wodnej umieszczonej nad Dunajem oraz jednej z trzech spalarni odpad\u00f3w miasta. Na wst\u0119pie warto wspomnie\u0107, \u017ce ww. spalarnia likwiduje rocznie ok. 250 000 &hellip; <a href=\"https:\/\/sknplomien.pwr.edu.pl\/index.php\/wyjazdy\/wieden\/\">Continued<\/a><\/p>\n","protected":false},"author":1,"featured_media":0,"parent":179,"menu_order":0,"comment_status":"closed","ping_status":"closed","template":"","meta":{"footnotes":""},"_links":{"self":[{"href":"https:\/\/sknplomien.pwr.edu.pl\/index.php\/wp-json\/wp\/v2\/pages\/215"}],"collection":[{"href":"https:\/\/sknplomien.pwr.edu.pl\/index.php\/wp-json\/wp\/v2\/pages"}],"about":[{"href":"https:\/\/sknplomien.pwr.edu.pl\/index.php\/wp-json\/wp\/v2\/types\/page"}],"author":[{"embeddable":true,"href":"https:\/\/sknplomien.pwr.edu.pl\/index.php\/wp-json\/wp\/v2\/users\/1"}],"replies":[{"embeddable":true,"href":"https:\/\/sknplomien.pwr.edu.pl\/index.php\/wp-json\/wp\/v2\/comments?post=215"}],"version-history":[{"count":8,"href":"https:\/\/sknplomien.pwr.edu.pl\/index.php\/wp-json\/wp\/v2\/pages\/215\/revisions"}],"predecessor-version":[{"id":330,"href":"https:\/\/sknplomien.pwr.edu.pl\/index.php\/wp-json\/wp\/v2\/pages\/215\/revisions\/330"}],"up":[{"embeddable":true,"href":"https:\/\/sknplomien.pwr.edu.pl\/index.php\/wp-json\/wp\/v2\/pages\/179"}],"wp:attachment":[{"href":"https:\/\/sknplomien.pwr.edu.pl\/index.php\/wp-json\/wp\/v2\/media?parent=215"}],"curies":[{"name":"wp","href":"https:\/\/api.w.org\/{rel}","templated":true}]}}