{"id":396,"date":"2018-03-07T12:49:08","date_gmt":"2018-03-07T12:49:08","guid":{"rendered":"http:\/\/sknplomien.pwr.edu.pl\/?page_id=396"},"modified":"2018-03-09T21:04:55","modified_gmt":"2018-03-09T21:04:55","slug":"historia","status":"publish","type":"page","link":"https:\/\/sknplomien.pwr.edu.pl\/index.php\/historia\/","title":{"rendered":"Historia"},"content":{"rendered":"<p style=\"text-align: justify;\">SKN ,,P\u0142omie\u0144\u201d powsta\u0142o na prze\u0142omie lat 2000-2001, kiedy to grupa student\u00f3w zwr\u00f3ci\u0142a si\u0119 z\u00a0pro\u015bb\u0105 do Dziekana prof. dra hab. in\u017c. Zbigniewa Gnutka o za\u0142o\u017cenie ko\u0142a naukowego\u00a0przy Wydziale Mechaniczno-Energetycznym Politechniki Wroc\u0142awskiej. Opiekunem Ko\u0142a zosta\u0142\u00a0dr in\u017c. Jacek Lamperski, pracownik \u00f3wczesnego Zak\u0142adu Termodynamiki.<\/p>\n<p style=\"text-align: justify;\">Pierwszym prezesem SKN \u201eP\u0142omie\u0144\u201d by\u0142 S\u0142awomir Kret. W tym czasie dr Agnieszka Piotrowska rozpocz\u0119\u0142a Akcj\u0119 Miko\u0142ajkow\u0105, maj\u0105c\u0105 na celu pomoc potrzebuj\u0105cym dzieciom ze \u015bwietlic \u015brodowiskowych. Akcja ta odbywa si\u0119 w okresie \u015bwi\u0105tecznym ka\u017cdego roku po dzie\u0144 dzisiejszy. Pierwszym naukowym przedsi\u0119wzi\u0119ciem by\u0142a budowa hamowni, wykonana przez \u00f3wczesnego cz\u0142onka, a obecnego pracownika Wydzia\u0142u &#8211; dra in\u017c. Grzegorza Romanika.<\/p>\n<p style=\"text-align: justify;\">Po zako\u0144czeniu kadencji S\u0142awomira Kreta, jego obowi\u0105zki przej\u0105\u0142 Przemys\u0142aw Bronowicki, kt\u00f3ry zainicjowa\u0142 i zorganizowa\u0142 I Rajd Wydzia\u0142owy na Hali Szrenickiej w 2005 roku. W\u00f3wczas powsta\u0142 r\u00f3wnie\u017c konkurs na Najlepszego Prowadz\u0105cego oraz pomys\u0142 mianowania Starost\u00f3w. Dzia\u0142alno\u015b\u0107\u00a0w Kole da\u0142a \u00f3wczesnemu Prezesowi mo\u017cliwo\u015b\u0107 wyjazdu na roczny sta\u017c naukowy do Coventry.<\/p>\n<p style=\"text-align: justify;\">Nowym prezesem ko\u0142a zosta\u0142a Magdalena Danielska, obecnie Nem\u015b. Dzi\u0119ki jej aktywnej dzia\u0142alno\u015bci powsta\u0142 cykl spotka\u0144 pt. ,,Ciekawi wszystkiego\u201d, kt\u00f3rych celem by\u0142o zapraszanie os\u00f3b posiadaj\u0105cych ciekawe hobby oraz zainteresowania naukowe. Opr\u00f3cz tego pojawi\u0142y si\u0119 takie inicjatywy jak: Piknik Wydzia\u0142owy, Wydzia\u0142owa Liga Mistrz\u00f3w o Puchar Dziekana, Wigilia \u201eP\u0142omienia\u201d, a tak\u017ce rozpocz\u0119\u0142y si\u0119 wycieczki do obiekt\u00f3w z bran\u017cy energetycznej pocz\u0105wszy od Elektrowni Be\u0142chat\u00f3w i Biogazowni w miejscowo\u015bci K\u0105sie. Cz\u0142onkowie Ko\u0142a w porozumieniu z firm\u0105 Viessmann odbyli kilka szkole\u0144 z zakresu odnawialnych \u017ar\u00f3de\u0142 energii. W tym czasie powsta\u0142y r\u00f3wnie\u017c trzy stanowiska badawcze, kt\u00f3re obecnie s\u0142u\u017c\u0105 do cel\u00f3w dydaktycznych &#8211; Mateusz Andrzejczak zaprojektowa\u0142 i wykona\u0142 podajnik do kot\u0142a fluidalnego, a Magdalena Nem\u015b zaprojektowa\u0142a i wykona\u0142a stanowiska z kolektorami s\u0142onecznymi: p\u0142askim wodnym oraz skupiaj\u0105cym powietrznym.<\/p>\n<p style=\"text-align: justify;\">Obowi\u0105zki Prezesa przej\u0105\u0142 nast\u0119pnie Tomasz Kierepka, kt\u00f3ry pod opiek\u0105 dr hab. In\u017c. Jacka Kasperskiego, prof. PWr zaprojektowa\u0142 i zbudowa\u0142 stanowisko z wymiennikiem ciep\u0142a, u\u017cywane obecnie w ramach zaj\u0119\u0107 laboratoryjnych z Termodynamiki. W tym okresie nast\u0105pi\u0142o od\u0142\u0105czenie cz\u0119\u015bci student\u00f3w b\u0119d\u0105cych w ,,P\u0142omieniu\u201d i za\u0142o\u017cenie przez nich Ko\u0142a Naukowego ,,Energia\u201d, kt\u00f3rego opiekunem zosta\u0142 dr in\u017c. Ryszard G\u0142\u0105bik. Wkr\u00f3tce powsta\u0142 te\u017c Rajd Adaptacyjny dla student\u00f3w I roku. W tym czasie Magdalena Nem\u015b, ju\u017c jako doktorantka, zrealizowa\u0142a pomys\u0142 dr in\u017c. Jacka Lamperskiego i w 2010 r. zorganizowa\u0142a I Warsztaty Energetyczne, kt\u00f3re odby\u0142y si\u0119 w Sulistrowiczkach. Warsztaty, w swojej pierwszej ods\u0142onie by\u0142y otwarte dla Cz\u0142onk\u00f3w oraz sympatyk\u00f3w Ko\u0142a \u201eP\u0142omie\u0144\u201d. Patronat bran\u017cowy obj\u0119\u0142a firma Viessmann, a wyk\u0142ad inauguracyjny wyg\u0142osi\u0142 Profesor Zbigniew Gnutek. Aktualnie dr in\u017c. Magdalena Nem\u015b jest pracownikiem Zak\u0142adu Podstaw Konstrukcji i Maszyn Przep\u0142ywowych.<\/p>\n<p style=\"text-align: justify;\">Kolejnym Prezesem ko\u0142a zosta\u0142 Przemys\u0142aw Smakulski, kt\u00f3ry kontynuowa\u0142 seri\u0119 spotka\u0144 \u201eCiekawi wszystkiego\u201d. Za jego kadencji uda\u0142o si\u0119 r\u00f3wnie\u017c kilkukrotne zaproszenie dra in\u017c. Jaros\u0142awa Fydrycha, kt\u00f3ry pom\u00f3g\u0142 zorganizowa\u0107 wyjazd do Europejskiej Organizacji Bada\u0144 J\u0105drowych CERN.<\/p>\n<p style=\"text-align: justify;\">W latach 2012-2013 prezesem Ko\u0142a by\u0142 Jakub Szymanowicz. Podczas jego kadencji SKN \u201eP\u0142omie\u0144\u201d nawi\u0105za\u0142o wsp\u00f3\u0142prac\u0119 z Politechnik\u0105 \u015al\u0105ska, przez kt\u00f3r\u0105 zapraszane zosta\u0142o na coroczne konferencje naukowe. Nawi\u0105zana zosta\u0142a tak\u017ce wsp\u00f3\u0142praca z fundacj\u0105 \u201eEkorozw\u00f3j\u201d, dzi\u0119ki czemu mo\u017cliwa by\u0142a prezentacja projektu elektrowni wodnej na targach POLEKO w Poznaniu oraz Pikniku Narodowym w Warszawie. Na zaproszenie Ko\u0142a Naukowego \u201eGrza\u0142a\u201d z Akademii G\u00f3rniczo-Hutniczej w Krakowie dwukrotnie wzi\u0119li\u015bmy udzia\u0142 w konferencji OZEDAY.<\/p>\n<p style=\"text-align: justify;\">Od pocz\u0105tku 2014 roku prezesem SKN \u201eP\u0142omie\u0144\u201d by\u0142a Monika \u017burawska. Dzi\u0119ki jej wielkiemu zaanga\u017cowaniu ko\u0142o bra\u0142o czynny udzia\u0142 w \u017cyciu uczelnianym, realizuj\u0105c liczne projekty naukowe i\u00a0techniczne, takie jak stanowisko wykorzystuj\u0105ce p\u0142ytki Peltiera oraz makieta elektrowni wodnej szczytowo-pompowej. Zosta\u0142a podj\u0119ta te\u017c wsp\u00f3\u0142praca z firm\u0105 \u201eFortum\u201d, kt\u00f3ra w dalszym ci\u0105gu owocuje licznymi sta\u017cami. Nawi\u0105zany zosta\u0142 te\u017c kontakt z PWR Racing Team. W czasie jej kadencji odby\u0142 si\u0119 te\u017c szereg wyjazd\u00f3w do takich miejsc jak Leszczy\u0144ska Fabryka Pomp, Elektrowni Be\u0142chat\u00f3w czy centrum recyklingu Alba. Wp\u0142yn\u0119\u0142y one na rozw\u00f3j umiej\u0119tno\u015bci i poszerzenie wiedzy praktycznej cz\u0142onk\u00f3w Ko\u0142a.<\/p>\n<p style=\"text-align: justify;\">Nast\u0119pnym prezesem zosta\u0142 Dominik Bielecki, kt\u00f3ry pe\u0142ni\u0142 kadencj\u0119 na prze\u0142omie 2015\/2016 roku. W\u00a0tym czasie SKN \u201eP\u0142omie\u0144\u201d zaj\u0119\u0142o pierwsze miejsce w konkursie na najlepsze stanowisko podczas Dni Aktywno\u015bci Studenckiej, co umo\u017cliwi\u0142o cz\u0142onkom ko\u0142a zorganizowanie wyjazdu do Wiednia. G\u0142\u00f3wnym punktem wyjazdu by\u0142a elektrownia wodna na rzece Dunaj oraz spalarnia odpad\u00f3w MVA Pfaffenau. Opr\u00f3cz tego odby\u0142 si\u0119 tak\u017ce wyjazd do Elektrowni Opole. Wzmocnione zosta\u0142y tak\u017ce relacje ze studentami z Politechniki \u015al\u0105skiej i\u00a0Krakowskiej. Zorganizowano Panel Dyskusyjny Przysz\u0142o\u015b\u0107 Energetyczna Polski po\u015bwi\u0119cony bie\u017c\u0105cemu problemowi zwi\u0105zanemu z\u00a0niepewno\u015bci\u0105 dostaw energii &#8211; \u201eCzy grozi nam Blackout?\u201d. Nawi\u0105zana zosta\u0142a te\u017c wsp\u00f3\u0142praca z\u00a0EkoCentrum Wroc\u0142aw dla kt\u00f3rego wykonany zosta\u0142 projekt kropelkowego nawadniania oraz firm\u0105 3M, co mi\u0119dzy innymi pozwoli\u0142o na wizyt\u0119 w Centrum Innowacyjno\u015bci 3M we Wroc\u0142awiu.<\/p>\n<p style=\"text-align: justify;\">W latach 2016\/2018 funkcj\u0119 prezesa obj\u0119\u0142a Agnieszka Jasak. Opr\u00f3cz zmiany zarz\u0105du nast\u0105pi\u0142a te\u017c zmiana opiekuna ko\u0142a ze wzgl\u0119du na obj\u0119cie funkcji Prorektora ds. Studenckich przez dr. in\u017c. Jacka Lamperskiego. Nowym opiekunem zosta\u0142 dr in\u017c. Przemys\u0142aw Szulc pracownik Zak\u0142adu Podstaw Konstrukcji i Maszyn Przep\u0142ywowych. W tym czasie w Kole rozpocz\u0119to takie projekty naukowe jak bezstykowy przesy\u0142 energii, turbina Michella-Banki. Kilku cz\u0142onk\u00f3w utworzy\u0142o te\u017c grup\u0119 projektow\u0105 PERESS, kt\u00f3ra podj\u0119\u0142a si\u0119 realizacji wysokosprawnej elektrolizy PEM. SKN \u201eP\u0142omie\u0144\u201d do\u0142\u0105czy\u0142 te\u017c do projektu regionalnego Zawodowy Dolny \u015al\u0105sk realizowanego we wsp\u00f3\u0142pracy z Technikum Elektrycznym z Lubania w ramach kt\u00f3rego powsta\u0142 ergometr \u2013 wykorzystuj\u0105cy ruch cz\u0142owieka i\u00a0pozwalaj\u0105cy generowa\u0107 pr\u0105d elektryczny. Projekty te pozwoli\u0142y na zaj\u0119cie wysokich miejsc podczas licznych konferencji oraz warsztat\u00f3w. Kontynuowana by\u0142a te\u017c tradycja organizowania Warsztat\u00f3w Energetycznych oraz innych sta\u0142ych wydarze\u0144.<\/p>\n<p style=\"text-align: justify;\">Kolejnym prezesem zosta\u0142 Mateusz Maci\u0105\u017cka, kt\u00f3ry rozpocz\u0105\u0142 swoj\u0105 kadencj\u0119 na pocz\u0105tku 2018 roku. Od pocz\u0105tku wprowadzane s\u0105 liczne zmiany. Od\u015bwie\u017ceniu uleg\u0142o logo Ko\u0142a oraz spisany zosta\u0142 nowy Statut. Planowane s\u0105 te\u017c kolejne projekty, Panel Dyskusyjny oraz szereg wyjazd\u00f3w.<\/p>\n<p style=\"text-align: justify;\">\n","protected":false},"excerpt":{"rendered":"<p>SKN ,,P\u0142omie\u0144\u201d powsta\u0142o na prze\u0142omie lat 2000-2001, kiedy to grupa student\u00f3w zwr\u00f3ci\u0142a si\u0119 z\u00a0pro\u015bb\u0105 do Dziekana prof. dra hab. in\u017c. Zbigniewa Gnutka o za\u0142o\u017cenie ko\u0142a naukowego\u00a0przy Wydziale Mechaniczno-Energetycznym Politechniki Wroc\u0142awskiej. Opiekunem Ko\u0142a zosta\u0142\u00a0dr in\u017c. Jacek Lamperski, pracownik \u00f3wczesnego Zak\u0142adu Termodynamiki. &hellip; <a href=\"https:\/\/sknplomien.pwr.edu.pl\/index.php\/historia\/\">Continued<\/a><\/p>\n","protected":false},"author":1,"featured_media":0,"parent":0,"menu_order":0,"comment_status":"closed","ping_status":"closed","template":"","meta":{"footnotes":""},"_links":{"self":[{"href":"https:\/\/sknplomien.pwr.edu.pl\/index.php\/wp-json\/wp\/v2\/pages\/396"}],"collection":[{"href":"https:\/\/sknplomien.pwr.edu.pl\/index.php\/wp-json\/wp\/v2\/pages"}],"about":[{"href":"https:\/\/sknplomien.pwr.edu.pl\/index.php\/wp-json\/wp\/v2\/types\/page"}],"author":[{"embeddable":true,"href":"https:\/\/sknplomien.pwr.edu.pl\/index.php\/wp-json\/wp\/v2\/users\/1"}],"replies":[{"embeddable":true,"href":"https:\/\/sknplomien.pwr.edu.pl\/index.php\/wp-json\/wp\/v2\/comments?post=396"}],"version-history":[{"count":3,"href":"https:\/\/sknplomien.pwr.edu.pl\/index.php\/wp-json\/wp\/v2\/pages\/396\/revisions"}],"predecessor-version":[{"id":425,"href":"https:\/\/sknplomien.pwr.edu.pl\/index.php\/wp-json\/wp\/v2\/pages\/396\/revisions\/425"}],"wp:attachment":[{"href":"https:\/\/sknplomien.pwr.edu.pl\/index.php\/wp-json\/wp\/v2\/media?parent=396"}],"curies":[{"name":"wp","href":"https:\/\/api.w.org\/{rel}","templated":true}]}}