{"id":78,"date":"2018-01-25T13:18:37","date_gmt":"2018-01-25T13:18:37","guid":{"rendered":"http:\/\/sknplomien.pwr.edu.pl\/?page_id=78"},"modified":"2025-03-27T21:17:38","modified_gmt":"2025-03-27T21:17:38","slug":"kontakt","status":"publish","type":"page","link":"https:\/\/sknplomien.pwr.edu.pl\/index.php\/kontakt\/","title":{"rendered":"Kontakt"},"content":{"rendered":"<p>Je\u017celi chcesz si\u0119 z nami skontaktowa\u0107 napisz na adres:<\/p>\n<p><a href=\"mailto:plomien@pwr.edu.pl\">plomien@pwr.edu.pl<\/a><\/p>\n<p>lub do Miko\u0142aja Adamek &#8211; prezesa ko\u0142a:<\/p>\n<p>280336@student.pwr.edu.pl<\/p>\n<p>oraz Jana Frani &#8211; wiceprezesa ko\u0142a<\/p>\n<p>280361@student.pwr.edu.pl<\/p>\n<p>Mo\u017cesz nas znale\u017a\u0107 na <a href=\"https:\/\/www.facebook.com\/sknplomien\">Facebooku<\/a> oraz <a href=\"https:\/\/www.linkedin.com\/company\/skn-plomien\/\">LinkedIn<\/a>.<\/p>\n\n\n<p><\/p>\n","protected":false},"excerpt":{"rendered":"<p>Je\u017celi chcesz si\u0119 z nami skontaktowa\u0107 napisz na adres: plomien@pwr.edu.pl lub do Miko\u0142aja Adamek &#8211; prezesa ko\u0142a: 280336@student.pwr.edu.pl oraz Jana Frani &#8211; wiceprezesa ko\u0142a 280361@student.pwr.edu.pl Mo\u017cesz nas znale\u017a\u0107 na Facebooku oraz LinkedIn.<\/p>\n","protected":false},"author":1,"featured_media":0,"parent":0,"menu_order":0,"comment_status":"closed","ping_status":"closed","template":"","meta":{"footnotes":""},"_links":{"self":[{"href":"https:\/\/sknplomien.pwr.edu.pl\/index.php\/wp-json\/wp\/v2\/pages\/78"}],"collection":[{"href":"https:\/\/sknplomien.pwr.edu.pl\/index.php\/wp-json\/wp\/v2\/pages"}],"about":[{"href":"https:\/\/sknplomien.pwr.edu.pl\/index.php\/wp-json\/wp\/v2\/types\/page"}],"author":[{"embeddable":true,"href":"https:\/\/sknplomien.pwr.edu.pl\/index.php\/wp-json\/wp\/v2\/users\/1"}],"replies":[{"embeddable":true,"href":"https:\/\/sknplomien.pwr.edu.pl\/index.php\/wp-json\/wp\/v2\/comments?post=78"}],"version-history":[{"count":9,"href":"https:\/\/sknplomien.pwr.edu.pl\/index.php\/wp-json\/wp\/v2\/pages\/78\/revisions"}],"predecessor-version":[{"id":968,"href":"https:\/\/sknplomien.pwr.edu.pl\/index.php\/wp-json\/wp\/v2\/pages\/78\/revisions\/968"}],"wp:attachment":[{"href":"https:\/\/sknplomien.pwr.edu.pl\/index.php\/wp-json\/wp\/v2\/media?parent=78"}],"curies":[{"name":"wp","href":"https:\/\/api.w.org\/{rel}","templated":true}]}}