{"id":847,"date":"2022-11-07T11:43:06","date_gmt":"2022-11-07T11:43:06","guid":{"rendered":"https:\/\/sknplomien.pwr.edu.pl\/?page_id=847"},"modified":"2024-07-25T13:52:55","modified_gmt":"2024-07-25T13:52:55","slug":"badanie-paneli","status":"publish","type":"page","link":"https:\/\/sknplomien.pwr.edu.pl\/index.php\/projekty\/badanie-paneli\/","title":{"rendered":"Badanie paneli fotowoltaicznych &#8211; wp\u0142yw zabrudze\u0144 i zacienienia"},"content":{"rendered":"\n<p>Stanowisko fotowoltaiczne znajduje si\u0119 na terenie Instytutu Automatyki System\u00f3w Energetycznych &#8211; IASE (ul. Wystawowa 1, przy Hali Stulecia). Sk\u0142ada si\u0119 ono z cz\u0119\u015bci zewn\u0119trznej (4 panele) oraz cz\u0119\u015bci wewn\u0119trznej (szafa elektryczna z falownikiem i dwoma akumulatorami oraz aparatura pomiarowa, dzi\u0119ki kt\u00f3rej mo\u017cna \u015bledzi\u0107 w stanie rzeczywistym m.in. napi\u0119cie i nat\u0119\u017cenie pr\u0105du wytwarzane przez panele). Stanowisko zawiera dwa rodzaje paneli w technologii half-cut: 2 panele standardowe, z bia\u0142ymi ramkami mi\u0119dzy ogniwami oraz 2 panele typu full-black (ca\u0142e czarne). <br>W trakcie bada\u0144 chcemy wyznaczy\u0107 mi\u0119dzy innymi jak bardzo zmienia si\u0119 sprawno\u015b\u0107 paneli dla ka\u017cdego z posiadanych rodzaj\u00f3w.<\/p>\n\n\n\n<div class=\"wp-block-columns is-layout-flex wp-container-core-columns-is-layout-1 wp-block-columns-is-layout-flex\">\n<div class=\"wp-block-column is-layout-flow wp-block-column-is-layout-flow\" style=\"flex-basis:50%\">\n<p>Przebieg bada\u0144 jest stale udoskonalany,\u00a0wraz z rozwojem projektu oraz kolejnymi iteracjami.\u00a0Na pocz\u0105tku mierzone by\u0142y zmiany parametr\u00f3w pr\u0105dowo-napi\u0119ciowych\u00a0w przeci\u0105gu godziny,\u00a0a nast\u0119pnie\u00a0<br>zdecydowali\u015bmy si\u0119 na badania ca\u0142odniowe. Pomiar temperatury jest wykonywany przy pomocy kamery termowizyjnej, a warto\u015b\u0107 nat\u0119\u017cenia promieniowania dedykowanym miernikiem fotowoltaicznym\u00a0IRM-1\u00a0udost\u0119pnionym nam dzi\u0119ki uprzejmo\u015bci firmy ZenitSolar.<br><br>Badania wp\u0142ywu zacienienia odbywaj\u0105 si\u0119 przez zakrywanie fragment\u00f3w paneli oraz obserwacj\u0119 zmian warto\u015bci napi\u0119\u0107 i nat\u0119\u017ce\u0144 pr\u0105du, a nast\u0119pnie wyznaczenie warto\u015bci spadk\u00f3w i por\u00f3wnanie ich <br>z wielko\u015bciami\u00a0wyznaczonymi w obliczeniach teoretycznych.<br><br>W przypadku badania wp\u0142ywu zanieczyszcze\u0144 zostaje wybrany konkretny rodzaj zabrudzenia np. li\u015bcie, czy plamy przypominaj\u0105ce ptasie odchody. W trakcie badania jeden z dw\u00f3ch paneli danego rodzaju jest czysty, a na drugi zanieczyszczony. Nast\u0119pnie wykonywane s\u0105 pomiary s\u0142u\u017c\u0105ce wyznaczeniu wzgl\u0119dnego spadku sprawno\u015bci.<br><br>Nasz uk\u0142ad do badania paneli fotowoltaicznych sprz\u0119\u017cony jest <br>z cz\u0119\u015bci\u0105 wodorow\u0105. Konwersja uzyskanej energii elektrycznej na wod\u00f3r odbywa si\u0119 dzi\u0119ki procesowi elektrolizy w urz\u0105dzeniu o nazwie elektrolizer. W naszym uk\u0142adzie zastosowany zosta\u0142 elektrolizer typu PEM (ang. Proton Exchange Membrane), czyli z membran\u0105 protonowymienn\u0105, kt\u00f3ry w swojej budowie posiada dodatkowo <br>m.in. dwie elektrody: dodatni\u0105 i ujemn\u0105.\u00a0Technologia ta zyskuje na popularno\u015bci ze wzgl\u0119du na szybki rozruch oraz mo\u017cliwo\u015b\u0107 dynamicznych zmian obci\u0105\u017ce\u0144 co doskonale wsp\u00f3\u0142pracuje ze zmiennymi \u017ar\u00f3d\u0142ami OZE.<\/p>\n\n\n\n<p>Wyniki bada\u0144 zosta\u0142y opublikowane w czasopi\u015bmie Instal pod tytu\u0142em &#8220;Badanie paneli fotowoltaicznych \u2013 wp\u0142yw zabrudze\u0144 i zacienienia&#8221;<\/p>\n\n\n\n<p>\u00a0<\/p>\n<\/div>\n\n\n\n<div class=\"wp-block-column is-layout-flow wp-block-column-is-layout-flow\" style=\"flex-basis:50%\">\n<figure class=\"wp-block-image size-full is-style-default\"><img loading=\"lazy\" decoding=\"async\" width=\"489\" height=\"728\" src=\"https:\/\/sknplomien.pwr.edu.pl\/wp-content\/uploads\/255907139_964897060777552_8528574017251079362_n-5.jpg\" alt=\"\" class=\"wp-image-881\" srcset=\"https:\/\/sknplomien.pwr.edu.pl\/wp-content\/uploads\/255907139_964897060777552_8528574017251079362_n-5.jpg 489w, https:\/\/sknplomien.pwr.edu.pl\/wp-content\/uploads\/255907139_964897060777552_8528574017251079362_n-5-202x300.jpg 202w\" sizes=\"(max-width: 489px) 100vw, 489px\" \/><\/figure>\n<\/div>\n<\/div>\n\n\n\n<div class=\"wp-block-columns is-layout-flex wp-container-core-columns-is-layout-3 wp-block-columns-is-layout-flex\">\n<div class=\"wp-block-column is-layout-flow wp-block-column-is-layout-flow\" style=\"flex-basis:50%\">\n<div class=\"wp-block-columns is-layout-flex wp-container-core-columns-is-layout-2 wp-block-columns-is-layout-flex\">\n<div class=\"wp-block-column is-layout-flow wp-block-column-is-layout-flow\" style=\"flex-basis:100%\"><\/div>\n<\/div>\n<\/div>\n<\/div>\n","protected":false},"excerpt":{"rendered":"<p>Stanowisko fotowoltaiczne znajduje si\u0119 na terenie Instytutu Automatyki System\u00f3w Energetycznych &#8211; IASE (ul. Wystawowa 1, przy Hali Stulecia). Sk\u0142ada si\u0119 ono z cz\u0119\u015bci zewn\u0119trznej (4 panele) oraz cz\u0119\u015bci wewn\u0119trznej (szafa elektryczna z falownikiem i dwoma akumulatorami oraz aparatura pomiarowa, dzi\u0119ki &hellip; <a href=\"https:\/\/sknplomien.pwr.edu.pl\/index.php\/projekty\/badanie-paneli\/\">Continued<\/a><\/p>\n","protected":false},"author":1,"featured_media":0,"parent":15,"menu_order":0,"comment_status":"closed","ping_status":"closed","template":"","meta":{"footnotes":""},"_links":{"self":[{"href":"https:\/\/sknplomien.pwr.edu.pl\/index.php\/wp-json\/wp\/v2\/pages\/847"}],"collection":[{"href":"https:\/\/sknplomien.pwr.edu.pl\/index.php\/wp-json\/wp\/v2\/pages"}],"about":[{"href":"https:\/\/sknplomien.pwr.edu.pl\/index.php\/wp-json\/wp\/v2\/types\/page"}],"author":[{"embeddable":true,"href":"https:\/\/sknplomien.pwr.edu.pl\/index.php\/wp-json\/wp\/v2\/users\/1"}],"replies":[{"embeddable":true,"href":"https:\/\/sknplomien.pwr.edu.pl\/index.php\/wp-json\/wp\/v2\/comments?post=847"}],"version-history":[{"count":29,"href":"https:\/\/sknplomien.pwr.edu.pl\/index.php\/wp-json\/wp\/v2\/pages\/847\/revisions"}],"predecessor-version":[{"id":939,"href":"https:\/\/sknplomien.pwr.edu.pl\/index.php\/wp-json\/wp\/v2\/pages\/847\/revisions\/939"}],"up":[{"embeddable":true,"href":"https:\/\/sknplomien.pwr.edu.pl\/index.php\/wp-json\/wp\/v2\/pages\/15"}],"wp:attachment":[{"href":"https:\/\/sknplomien.pwr.edu.pl\/index.php\/wp-json\/wp\/v2\/media?parent=847"}],"curies":[{"name":"wp","href":"https:\/\/api.w.org\/{rel}","templated":true}]}}