{"id":954,"date":"2024-10-05T11:32:24","date_gmt":"2024-10-05T11:32:24","guid":{"rendered":"https:\/\/sknplomien.pwr.edu.pl\/?page_id=954"},"modified":"2024-10-05T11:39:02","modified_gmt":"2024-10-05T11:39:02","slug":"energy-days-2024","status":"publish","type":"page","link":"https:\/\/sknplomien.pwr.edu.pl\/index.php\/energy-days-2024\/","title":{"rendered":"Energy Days 2024"},"content":{"rendered":"\n<p class=\"has-text-align-left\">Podczas Energy Days 2024 nasza delegacja mia\u0142a okazj\u0119 wzi\u0105\u0107 udzia\u0142 w wielu wa\u017cnych debatach na temat przysz\u0142o\u015bci energetyki. Uczestniczyli\u015bmy w panelach dotycz\u0105cych technologii wodorowych w gospodarce, magazynowania energii oraz energetyki j\u0105drowej. Rozmawiali\u015bmy z ekspertami, przedstawicielami firm energetycznych oraz producentami pojazd\u00f3w zeroemisyjnych. Wymiana do\u015bwiadcze\u0144 i wiedzy podczas tych rozm\u00f3w by\u0142a dla nas bezcenna, a kontakty nawi\u0105zane podczas targ\u00f3w mog\u0105 zaowocowa\u0107 przysz\u0142ymi wsp\u00f3\u0142pracami. By\u0142y to dwa intensywne dni pe\u0142ne inspiracji i nowatorskich pomys\u0142\u00f3w, kt\u00f3re z pewno\u015bci\u0105 wp\u0142yn\u0105 na nasze przysz\u0142e projekty.<\/p>\n\n\n\n<div style=\"height:60px\" aria-hidden=\"true\" class=\"wp-block-spacer\"><\/div>\n\n\n\n<p><\/p>\n\n\n\n<figure class=\"wp-block-image size-large\"><img loading=\"lazy\" decoding=\"async\" width=\"1024\" height=\"768\" src=\"https:\/\/sknplomien.pwr.edu.pl\/wp-content\/uploads\/att.d81KI-SWqYpOoO1DapZDPJhAvhRHWvzcqn5eKmlz_fI-1-1024x768.jpg\" alt=\"\" class=\"wp-image-955\" srcset=\"https:\/\/sknplomien.pwr.edu.pl\/wp-content\/uploads\/att.d81KI-SWqYpOoO1DapZDPJhAvhRHWvzcqn5eKmlz_fI-1-1024x768.jpg 1024w, https:\/\/sknplomien.pwr.edu.pl\/wp-content\/uploads\/att.d81KI-SWqYpOoO1DapZDPJhAvhRHWvzcqn5eKmlz_fI-1-300x225.jpg 300w, https:\/\/sknplomien.pwr.edu.pl\/wp-content\/uploads\/att.d81KI-SWqYpOoO1DapZDPJhAvhRHWvzcqn5eKmlz_fI-1-768x576.jpg 768w, https:\/\/sknplomien.pwr.edu.pl\/wp-content\/uploads\/att.d81KI-SWqYpOoO1DapZDPJhAvhRHWvzcqn5eKmlz_fI-1.jpg 1179w\" sizes=\"(max-width: 1024px) 100vw, 1024px\" \/><\/figure>\n","protected":false},"excerpt":{"rendered":"<p>Podczas Energy Days 2024 nasza delegacja mia\u0142a okazj\u0119 wzi\u0105\u0107 udzia\u0142 w wielu wa\u017cnych debatach na temat przysz\u0142o\u015bci energetyki. Uczestniczyli\u015bmy w panelach dotycz\u0105cych technologii wodorowych w gospodarce, magazynowania energii oraz energetyki j\u0105drowej. Rozmawiali\u015bmy z ekspertami, przedstawicielami firm energetycznych oraz producentami pojazd\u00f3w &hellip; <a href=\"https:\/\/sknplomien.pwr.edu.pl\/index.php\/energy-days-2024\/\">Continued<\/a><\/p>\n","protected":false},"author":1,"featured_media":0,"parent":0,"menu_order":0,"comment_status":"closed","ping_status":"closed","template":"","meta":{"footnotes":""},"_links":{"self":[{"href":"https:\/\/sknplomien.pwr.edu.pl\/index.php\/wp-json\/wp\/v2\/pages\/954"}],"collection":[{"href":"https:\/\/sknplomien.pwr.edu.pl\/index.php\/wp-json\/wp\/v2\/pages"}],"about":[{"href":"https:\/\/sknplomien.pwr.edu.pl\/index.php\/wp-json\/wp\/v2\/types\/page"}],"author":[{"embeddable":true,"href":"https:\/\/sknplomien.pwr.edu.pl\/index.php\/wp-json\/wp\/v2\/users\/1"}],"replies":[{"embeddable":true,"href":"https:\/\/sknplomien.pwr.edu.pl\/index.php\/wp-json\/wp\/v2\/comments?post=954"}],"version-history":[{"count":6,"href":"https:\/\/sknplomien.pwr.edu.pl\/index.php\/wp-json\/wp\/v2\/pages\/954\/revisions"}],"predecessor-version":[{"id":965,"href":"https:\/\/sknplomien.pwr.edu.pl\/index.php\/wp-json\/wp\/v2\/pages\/954\/revisions\/965"}],"wp:attachment":[{"href":"https:\/\/sknplomien.pwr.edu.pl\/index.php\/wp-json\/wp\/v2\/media?parent=954"}],"curies":[{"name":"wp","href":"https:\/\/api.w.org\/{rel}","templated":true}]}}